{"id":101,"date":"2025-11-11T08:54:20","date_gmt":"2025-11-11T08:54:20","guid":{"rendered":"https:\/\/gomperz.at\/?page_id=101"},"modified":"2025-11-12T09:58:35","modified_gmt":"2025-11-12T09:58:35","slug":"front_page","status":"publish","type":"page","link":"https:\/\/gomperz.at\/","title":{"rendered":"\u00dcber Gomperz"},"content":{"rendered":"\n<p>Die Gomperz GmbH ist ein \u00d6sterreichisches Unternehmen, das im Jahr 2008 gegr\u00fcndet wurde. Seitdem ist sie im Handel mit IT-Ger\u00e4ten, Komponenten und Ersatzteilen t\u00e4tig. Im Jahr 2019 wurde das Leistungsspektrum erweitert und umfasst nun auch professionelle Dienstleistungen in der automatischen Datenverarbeitung und Informationstechnik. Die Gesch\u00e4ftsf\u00fchrung verf\u00fcgt \u00fcber mehrere fachliche Qualifikationen im Bereich Informationssicherheit und legt besonderen Wert auf Qualit\u00e4t, Zuverl\u00e4ssigkeit und den Schutz sensibler Daten. Unser Ziel ist es, Unternehmen mit moderner Technologie und individueller Betreuung zu unterst\u00fctzen und nachhaltige L\u00f6sungen f\u00fcr die digitale Zukunft zu schaffen.<\/p>\n\n\n\n<p>Wenn Sie mehr \u00fcber uns erfahren m\u00f6chten, kontaktieren Sie uns gerne \u00fcber die unten angegebenen Kontaktdaten.<\/p>\n\n\n\n<h2 class=\"wp-block-heading\">Kontakt \/ Impressum<\/h2>\n\n\n\n<p><strong>Firma: <\/strong>Gomperz GmbH <\/p>\n\n\n\n<p><strong>Anschrift: <\/strong>Hopfenstra\u00dfe 3\/5\/9, 2320 Schwechat, \u00d6sterreich <\/p>\n\n\n\n<p><strong>Email:<\/strong> <a href=\"mailto:office@gomperz.at\">office@gomperz.at<\/a><\/p>\n\n\n\n<p><strong>Firmenbuch-Nr.:<\/strong> 318761 t<\/p>\n\n\n\n<p><\/p>\n","protected":false},"excerpt":{"rendered":"<p>Die Gomperz GmbH ist ein \u00d6sterreichisches Unternehmen, das im Jahr 2008 gegr\u00fcndet wurde. Seitdem ist sie im Handel mit IT-Ger\u00e4ten, Komponenten und Ersatzteilen t\u00e4tig. Im Jahr 2019 wurde das Leistungsspektrum erweitert und umfasst nun auch professionelle Dienstleistungen in der automatischen Datenverarbeitung und Informationstechnik. Die Gesch\u00e4ftsf\u00fchrung verf\u00fcgt \u00fcber mehrere fachliche Qualifikationen im Bereich Informationssicherheit und legt &hellip; <\/p>\n<p class=\"link-more\"><a href=\"https:\/\/gomperz.at\/\" class=\"more-link\"><span class=\"screen-reader-text\">\u201e\u00dcber Gomperz\u201c<\/span> weiterlesen<\/a><\/p>\n","protected":false},"author":1,"featured_media":0,"parent":0,"menu_order":0,"comment_status":"closed","ping_status":"closed","template":"","meta":{"footnotes":""},"class_list":["post-101","page","type-page","status-publish","hentry"],"_links":{"self":[{"href":"https:\/\/gomperz.at\/index.php?rest_route=\/wp\/v2\/pages\/101","targetHints":{"allow":["GET"]}}],"collection":[{"href":"https:\/\/gomperz.at\/index.php?rest_route=\/wp\/v2\/pages"}],"about":[{"href":"https:\/\/gomperz.at\/index.php?rest_route=\/wp\/v2\/types\/page"}],"author":[{"embeddable":true,"href":"https:\/\/gomperz.at\/index.php?rest_route=\/wp\/v2\/users\/1"}],"replies":[{"embeddable":true,"href":"https:\/\/gomperz.at\/index.php?rest_route=%2Fwp%2Fv2%2Fcomments&post=101"}],"version-history":[{"count":8,"href":"https:\/\/gomperz.at\/index.php?rest_route=\/wp\/v2\/pages\/101\/revisions"}],"predecessor-version":[{"id":218,"href":"https:\/\/gomperz.at\/index.php?rest_route=\/wp\/v2\/pages\/101\/revisions\/218"}],"wp:attachment":[{"href":"https:\/\/gomperz.at\/index.php?rest_route=%2Fwp%2Fv2%2Fmedia&parent=101"}],"curies":[{"name":"wp","href":"https:\/\/api.w.org\/{rel}","templated":true}]}}